e?
True
Let a(k) = -28 - 2*k + 11 - 21 + 4. Let j be a(-18). Suppose 3*y = 3*r + 435, r = -4*y - j*r + 608. Is y a composite number?
False
Let b(w) = -4*w**3 + 2*w**3 - 4 + w**3 + 14*w**2 - 13*w - 5*w**2. Let g be b(7). Is 1516 + 2 + -3 + -1 + g a prime number?
False
Let s = -22439 + 37684. Is s composite?
True
Let c(g) = -517*g. Let l(r) = 1036*r + 1. Let b(h) = -11*c(h) - 6*l(h). Let q be b(-3). Suppose 0 = f + v - q, 4*f + v = 7464 - 1152. Is f a prime number?
False
Let z(d) = -5*d + 40. Let r be z(9). Is (3 + 3800)*(r + 6) composite?
False
Let j(w) = -19*w + 219. Let t be j(7). Suppose 0 = -76*k + t*k - 13820. Is k a prime number?
False
Let q = 735267 + -475870. Is q a prime number?
True
Let f = -265 - -267. Suppose f*t + 6776 = 4*j, -4*t - 1637 = -j + 64. Is j composite?
False
Suppose 2*h - 1 = -3*o, 2*o - 4*h = -o + 25. Suppose -o*d - 2*z - 1679 = 0, 4*d - 219 = -3*z - 2459. Let m = 182 - d. Is m prime?
True
Suppose 8*y - 3*m + 52825 = 9*y, 0 = -3*y + 3*m + 158427. Is y composite?
False
Suppose j - 69517 = -3*d, 19*j - 21*j + 4*d + 139074 = 0. Is j prime?
False
Let i be (105436/215)/(1/5). Suppose -i*h + 2459*h = 122633. Is h a composite number?
False
Let i(f) = 7*f**2 + 69*f - 28. Let d be i(-17). Suppose -2649 = -z + 5*k - d, 0 = 2*z + 2*k - 3678. Is z a prime number?
False
Let n(x) = 41*x - 79. Let m be n(-54). Let a = m + 11112. Is a composite?
False
Let k be 50586/4 + ((-27)/18)/(-3). Let w = -6048 + k. Is w composite?
False
Suppose 10*q - 14 = -k + 5*q, -4*q = 4*k - 24. Suppose p + s - 1632 = 0, -k*p + 6563 = -0*p - 3*s. Is p a composite number?
False
Suppose 84*z = 88*z - 5*x - 897634, 5*z = 2*x + 1122017. Is z composite?
False
Let c(v) = 2*v**3 + 237*v**2 + 88*v - 400. Is c(-99) a composite number?
False
Let v(x) = 249*x**2 - 10*x - 17. Let b = 75 + -79. Is v(b) a prime number?
True
Let p(u) = -15143*u - 75. Is p(-22) prime?
True
Let y(a) = 5*a**2 - 21*a - 14. Let n be y(5). Let k(d) = 1094*d - 41. Is k(n) prime?
False
Let k be 24*((-5 - (1 + -3)) + 4). Suppose -k*f + 70549 = -42323. Is f a prime number?
True
Let w(u) = -38*u + 180 - 635 + 1237 + 1291. Is w(0) a prime number?
False
Suppose -3*g + 4*g = 3*o + 5, -2*g + 5*o + 9 = 0. Suppose g*c + 7*a - 3510 = 6*a, -2*a = -c + 1745. Is c composite?
False
Let p be (52/8 + -2)*(-2)/(-3). Suppose -n + 6 = -3*r, 3*r = r + n - p. Let h(m) = -49*m**3 + 4*m**2 + m + 5. Is h(r) a prime number?
True
Suppose 0 = -10*c + 183*c - 66504833. Is c a composite number?
True
Let p(k) = 67932*k**3 + 5*k**2 - 2*k - 1. Is p(1) composite?
True
Suppose 20*w - 16 = 16*w, 15641 = x + w. Is x a prime number?
False
Let z(o) = -5*o**3 + 7*o**2 - 5*o + 9. Let f be z(-7). Let p = 2078 + -3113. Let l = f + p. Is l a prime number?
False
Let j be 4*(0 + 18/12). Let w(v) = 63*v**3 - 10*v**2 + 14*v - 13. Is w(j) composite?
True
Suppose -104709 = -3*h + 4*o - 10310, h - 31467 = o. Is h prime?
True
Let j(x) = x**3 + 8*x**2 - 19. Let v be j(-7). Suppose -3*n + 8*n = -v. Is (-2)/n - (-27970)/15 a prime number?
False
Let u = -118634 + 175725. Is u a prime number?
False
Let r(s) = s**3 + 83*s**2 + 93*s + 157. Is r(-68) prime?
False
Let h = 524 - 524. Suppose 4*l + t - 32238 = h, 0 = 2*t + 2*t - 8. Is l a composite number?
False
Suppose 0*v + s = 4*v + 5, -5*v - s = -5. Suppose -2*g = -4*r + 1522, 3*r - 7*r + 5*g + 1519 = v. Is r composite?
True
Let c be (200 - 8)/((-2)/(-21) - 0). Suppose c = r - 644. Suppose 2*o = 3*f - 0*f + r, -o - 2*f + 1323 = 0. Is o composite?
False
Suppose 4*z - 3987680 + 1083436 = 0. Is z prime?
False
Suppose 13*t - 14*t - 102990 = -6*f, -85825 = -5*f + 3*t. Is f a prime number?
False
Let h(n) = 570*n**2 - n - 31. Let p be h(-6). Let w = 37224 - p. Is w composite?
False
Suppose -13*w + 6*w - 1393 = 0. Let y = w - -690. Is y prime?
True
Is (27/((-486)/(-263943)))/(1/2) a composite number?
False
Let g(o) = -4*o**3 + 176*o**2 + 11*o - 23. Is g(36) a prime number?
False
Let w = 118008 + -20098. Suppose -7*r - 3*r + w = 0. Is r prime?
True
Let k(j) = -10*j**2 - 4. Let v be k(-2). Is 36/v + 1 - (-418072)/88 a prime number?
True
Suppose 2*t = t + 81. Suppose 86*y - 120 = t*y. Let i = 31 + y. Is i prime?
False
Let b(v) = -41925*v + 173. Is b(-6) a prime number?
False
Let x = 40 + -43. Let u be (-4)/26 - (x + 22/26). Suppose u*n - 1140 = -2*w, 0*n - 2*w = n - 567. Is n a prime number?
False
Let b be (-142)/(-1065) + (116/30 - -1). Let u(n) = n - 1. Let f be u(6). Suppose -f*i = b*i - 5630. Is i a composite number?
False
Let h = -1753 - -2993. Let k(z) = 5*z**2 - z - 29. Let b be k(-23). Let o = b - h. Is o prime?
True
Let u(x) be the third derivative of 373*x**4/24 + 22*x**3/3 + 100*x**2. Let s = -37 + 46. Is u(s) a composite number?
True
Let q(u) = -14*u**3 + 3*u**2 - 3*u - 22. Let i be q(-8). Suppose -3373 = -2*o + 3*a + 4005, -2*o + i = a. Is o a prime number?
False
Suppose 0 = 5*v + 2*x - 826 - 32, 0 = x + 1. Suppose 3*n - 119 = v. Suppose 0 = -z + 386 - n. Is z composite?
True
Suppose 0 = -h - 5*p + 297773 + 446095, -743818 = -h + 5*p. Is h composite?
True
Let i(u) = -94 - 22*u + 13783*u**2 - 13725*u**2 - 43. Is i(-5) a composite number?
False
Suppose 92*i - 34608852 = 56*i. Is i a composite number?
True
Let k = -12976 - -48309. Is k a prime number?
False
Let u(g) = 50*g**2 + 66*g - 749. Is u(42) composite?
True
Suppose -4*r + 4 = 0, -2*w = -5*w - 4*r + 13189. Suppose -7*y + w = -16822. Is y prime?
False
Let z(a) = 6*a**2 - 4*a + 8. Let k(h) = h**2 - 18*h + 7. Let j be 1/(-6) + (-109)/(-6). Let p be k(j). Is z(p) a prime number?
False
Is 372672/15 + -2 + (-4)/5 a prime number?
False
Let g be 0/(1*(-2 + 0)). Suppose -2*j - 1181 = -4*j - 3*a, g = 5*j + a - 2933. Is j/((-3)/(6/(-4))) a composite number?
False
Let x be (-1 + (-16)/(-12))*0 - 3. Let n = x + 3. Suppose n*d - 1759 = -d. Is d a composite number?
False
Let b = 36 + -10. Let c be 450/117 - (-2)/b*2. Let t(h) = 48*h**2 - 5*h + 3. Is t(c) composite?
False
Let z(h) = 1093*h**2 + 32 + 1623*h**2 - 16*h - 668*h**2 + 13. Is z(3) composite?
True
Let u(c) = -630*c + 311 + 351*c + 818*c. Is u(34) a composite number?
False
Let y = -10608 - -19935. Let i = y - 4628. Is i a prime number?
False
Let z = -27306 - -85289. Is z a composite number?
True
Suppose 5*l + 2*t = 3*t - 44, 20 = -4*l - 3*t. Is l/8 - 7/(7/(-468)) composite?
False
Suppose 23*i + 1088 = 22*i. Let j = 5725 + i. Is j composite?
False
Let f = 2153 - 1522. Is f a prime number?
True
Let w = 81207 + -50530. Is w prime?
True
Let o be (-1 - (-9)/3)/((-18)/(-27)). Suppose -o*f = -0*f - 1653. Suppose -3*b = 2*i - i - f, -i - b + 555 = 0. Is i prime?
True
Suppose 2*x - 5*k = -2*x - 332, -x = -2*k + 83. Let f = x - -83. Suppose s + 3*z - 342 = f, 0 = 5*s - 0*z - z - 1694. Is s a composite number?
True
Let i = 149 - 137. Suppose -154296 - 32388 = -i*v. Is v a composite number?
True
Let a(w) = -w**2 + 5*w + 16. Let h be a(7). Let d be h*(-3 - (340 + 4)). Let t = d + 1067. Is t composite?
False
Let c(s) = 72012*s**2 + 187*s + 186. Is c(-1) prime?
False
Suppose 4*q = 5*w + 17, 4 = 3*q + 5*w - 0. Suppose d - 2*m = 3933, 0 = -4*d - q*m - 0*m + 15743. Is d a prime number?
False
Suppose -2*s + b + 81 = -2*b, -5*b = 3*s - 150. Let k be (-10318)/(-18) + (-10)/s. Let c = k + -76. Is c a composite number?
True
Let w = -167 - -171. Suppose w*x = 23093 + 831. Is x a prime number?
True
Is (2 - -4721) + (-84)/(-14) prime?
True
Suppose -j - 4 = -1, 0 = -i - 3*j - 4. Suppose 5*l + 5 = -i*a, 2*l - 1 + 3 = 4*a. Suppose 4*w = -a*w + 564. Is w a prime number?
False
Let j = -4855 - -3012. Let w = 7340 - j. Is w composite?
True
Let c be (-5)/45 + (-219)/(-27). Let g(i) = 4*i + 10 + i**3 - 19*i + 0 - c*i**2 + 3. Is g(12) prime?
True
Let q(j) be the third derivative of 7*j**5/30 - 3*j**4/4 + 71*j**3/6 + 21*j**2. Is q(-35) prime?
True
Let k(y) = 11*y + 33. Let c be k(-3). Suppose -3*m + 2346 + 117 = c. Is m a prime number?
True
Suppose -2*u = u + 2856. Let w be (244/24*-33)/(3/(-18)). Let k = u + w. Is k a composite number?
False
Let j = 214049 - 113842. Is j a prime number?
True
Let i be (-1)/(-4) + 2/(-8). Suppose v = -i*v. Suppose v*u - u + 1193 = 0. Is u a prime number?
True
Let d = -223 - -229. Is ((-16424)/(-12))/(4/d) composite?
False
Let s(y) = 227359*y**2 + 6*y - 2. Is s(1) composite?
False
Let p be (2047000/(-45))/